{"id":564,"date":"2015-02-23T15:29:47","date_gmt":"2015-02-23T14:29:47","guid":{"rendered":"http:\/\/undetec.com\/blog\/?page_id=564"},"modified":"2022-10-03T00:14:36","modified_gmt":"2022-10-02T22:14:36","slug":"servei-undetec-seguretat","status":"publish","type":"page","link":"https:\/\/www.undetec.com\/blog\/servei-undetec-seguretat\/","title":{"rendered":"Servei UNDETEC Seguretat"},"content":{"rendered":"<p><a href=\"\/blog\/wp-content\/uploads\/2015\/02\/seguretat.jpg\"><img loading=\"lazy\" decoding=\"async\" class=\" size-full wp-image-615 alignleft\" src=\"\/blog\/wp-content\/uploads\/2015\/02\/seguretat.jpg\" alt=\"Seguretat\" width=\"138\" height=\"78\" \/><\/a>El servei UNDETEC SEGURETAT, est\u00e0 preparat per enviar SMS, trucades a m\u00f2bils, correus electr\u00f2nics amb les indicacions dels diferents sensors d&#8217;alarma. Ens dona la tranquil\u00b7litat de poder activar i desactivar, programar, i tamb\u00e9 modificar les centrals d&#8217;alarmes via internet i m\u00f2bil.<\/p>\n<p>En els temps que corren la seguretat \u00e9s molt important, per aix\u00f2 UNDETEC SEGURETAT s&#8217;uneix amb UNDETEC VISUAL i UNDETEC HIST\u00d2RIC per a obtenir una seguretat m\u00e9s plena. D&#8217;aquesta manera, a m\u00e9s de la seguretat de la central d&#8217;alarmes, tenim la seguretat de veure el directe i del passat, des de m\u00f2bil i des de qualsevol lloc, les imatges dels fets. Les quals tamb\u00e9 queden registrades per a futures investigacions.<\/p>\n<p>\u00a0<\/p>\n\n\n<p><\/p>\n","protected":false},"excerpt":{"rendered":"<p>El servei UNDETEC SEGURETAT, est\u00e0 preparat per enviar SMS, trucades a m\u00f2bils, correus electr\u00f2nics amb les indicacions dels diferents sensors d&#8217;alarma. Ens dona la tranquil\u00b7litat de poder activar i desactivar, programar, i tamb\u00e9 modificar les centrals d&#8217;alarmes via internet i m\u00f2bil. En els temps que corren la seguretat \u00e9s molt important, per aix\u00f2 UNDETEC SEGURETAT &hellip; <a href=\"https:\/\/www.undetec.com\/blog\/servei-undetec-seguretat\/\" class=\"more-link\">Continua llegint <span class=\"screen-reader-text\">\u00abServei UNDETEC Seguretat\u00bb<\/span><\/a><\/p>\n","protected":false},"author":2,"featured_media":0,"parent":0,"menu_order":0,"comment_status":"closed","ping_status":"closed","template":"","meta":{"footnotes":""},"class_list":["post-564","page","type-page","status-publish","hentry"],"yoast_head":"<!-- This site is optimized with the Yoast SEO plugin v27.5 - https:\/\/yoast.com\/product\/yoast-seo-wordpress\/ -->\n<title>Servei UNDETEC Seguretat<\/title>\n<meta name=\"robots\" content=\"index, follow, max-snippet:-1, max-image-preview:large, max-video-preview:-1\" \/>\n<link rel=\"canonical\" href=\"https:\/\/www.undetec.com\/blog\/servei-undetec-seguretat\/\" \/>\n<meta property=\"og:locale\" content=\"ca_ES\" \/>\n<meta property=\"og:type\" content=\"article\" \/>\n<meta property=\"og:title\" content=\"Servei UNDETEC Seguretat\" \/>\n<meta property=\"og:description\" content=\"El servei UNDETEC SEGURETAT, est\u00e0 preparat per enviar SMS, trucades a m\u00f2bils, correus electr\u00f2nics amb les indicacions dels diferents sensors d&#8217;alarma. Ens dona la tranquil\u00b7litat de poder activar i desactivar, programar, i tamb\u00e9 modificar les centrals d&#8217;alarmes via internet i m\u00f2bil. En els temps que corren la seguretat \u00e9s molt important, per aix\u00f2 UNDETEC SEGURETAT &hellip; Continua llegint \u00abServei UNDETEC Seguretat\u00bb\" \/>\n<meta property=\"og:url\" content=\"https:\/\/www.undetec.com\/blog\/servei-undetec-seguretat\/\" \/>\n<meta property=\"og:site_name\" content=\"UNDETEC\" \/>\n<meta property=\"article:publisher\" content=\"https:\/\/www.facebook.com\/pages\/UNDETEC\/120913354659573\" \/>\n<meta property=\"article:modified_time\" content=\"2022-10-02T22:14:36+00:00\" \/>\n<meta name=\"twitter:card\" content=\"summary_large_image\" \/>\n<meta name=\"twitter:label1\" content=\"Temps estimat de lectura\" \/>\n\t<meta name=\"twitter:data1\" content=\"1 minut\" \/>\n<script type=\"application\/ld+json\" class=\"yoast-schema-graph\">{\"@context\":\"https:\\\/\\\/schema.org\",\"@graph\":[{\"@type\":\"WebPage\",\"@id\":\"https:\\\/\\\/www.undetec.com\\\/blog\\\/servei-undetec-seguretat\\\/\",\"url\":\"https:\\\/\\\/www.undetec.com\\\/blog\\\/servei-undetec-seguretat\\\/\",\"name\":\"Servei UNDETEC Seguretat\",\"isPartOf\":{\"@id\":\"https:\\\/\\\/www.undetec.com\\\/blog\\\/#website\"},\"datePublished\":\"2015-02-23T14:29:47+00:00\",\"dateModified\":\"2022-10-02T22:14:36+00:00\",\"breadcrumb\":{\"@id\":\"https:\\\/\\\/www.undetec.com\\\/blog\\\/servei-undetec-seguretat\\\/#breadcrumb\"},\"inLanguage\":\"ca\",\"potentialAction\":[{\"@type\":\"ReadAction\",\"target\":[\"https:\\\/\\\/www.undetec.com\\\/blog\\\/servei-undetec-seguretat\\\/\"]}]},{\"@type\":\"BreadcrumbList\",\"@id\":\"https:\\\/\\\/www.undetec.com\\\/blog\\\/servei-undetec-seguretat\\\/#breadcrumb\",\"itemListElement\":[{\"@type\":\"ListItem\",\"position\":1,\"name\":\"Inici\",\"item\":\"https:\\\/\\\/www.undetec.com\\\/blog\\\/\"},{\"@type\":\"ListItem\",\"position\":2,\"name\":\"Servei UNDETEC Seguretat\"}]},{\"@type\":\"WebSite\",\"@id\":\"https:\\\/\\\/www.undetec.com\\\/blog\\\/#website\",\"url\":\"https:\\\/\\\/www.undetec.com\\\/blog\\\/\",\"name\":\"UNDETEC\",\"description\":\"UNI\u00d3 DE TECNOLOGIES\",\"publisher\":{\"@id\":\"https:\\\/\\\/www.undetec.com\\\/blog\\\/#organization\"},\"potentialAction\":[{\"@type\":\"SearchAction\",\"target\":{\"@type\":\"EntryPoint\",\"urlTemplate\":\"https:\\\/\\\/www.undetec.com\\\/blog\\\/?s={search_term_string}\"},\"query-input\":{\"@type\":\"PropertyValueSpecification\",\"valueRequired\":true,\"valueName\":\"search_term_string\"}}],\"inLanguage\":\"ca\"},{\"@type\":\"Organization\",\"@id\":\"https:\\\/\\\/www.undetec.com\\\/blog\\\/#organization\",\"name\":\"UNDETEC\",\"url\":\"https:\\\/\\\/www.undetec.com\\\/blog\\\/\",\"logo\":{\"@type\":\"ImageObject\",\"inLanguage\":\"ca\",\"@id\":\"https:\\\/\\\/www.undetec.com\\\/blog\\\/#\\\/schema\\\/logo\\\/image\\\/\",\"url\":\"https:\\\/\\\/www.undetec.com\\\/blog\\\/wp-content\\\/uploads\\\/2016\\\/11\\\/undetec_logo.gif\",\"contentUrl\":\"https:\\\/\\\/www.undetec.com\\\/blog\\\/wp-content\\\/uploads\\\/2016\\\/11\\\/undetec_logo.gif\",\"width\":154,\"height\":45,\"caption\":\"UNDETEC\"},\"image\":{\"@id\":\"https:\\\/\\\/www.undetec.com\\\/blog\\\/#\\\/schema\\\/logo\\\/image\\\/\"},\"sameAs\":[\"https:\\\/\\\/www.facebook.com\\\/pages\\\/UNDETEC\\\/120913354659573\"]}]}<\/script>\n<!-- \/ Yoast SEO plugin. -->","yoast_head_json":{"title":"Servei UNDETEC Seguretat","robots":{"index":"index","follow":"follow","max-snippet":"max-snippet:-1","max-image-preview":"max-image-preview:large","max-video-preview":"max-video-preview:-1"},"canonical":"https:\/\/www.undetec.com\/blog\/servei-undetec-seguretat\/","og_locale":"ca_ES","og_type":"article","og_title":"Servei UNDETEC Seguretat","og_description":"El servei UNDETEC SEGURETAT, est\u00e0 preparat per enviar SMS, trucades a m\u00f2bils, correus electr\u00f2nics amb les indicacions dels diferents sensors d&#8217;alarma. Ens dona la tranquil\u00b7litat de poder activar i desactivar, programar, i tamb\u00e9 modificar les centrals d&#8217;alarmes via internet i m\u00f2bil. En els temps que corren la seguretat \u00e9s molt important, per aix\u00f2 UNDETEC SEGURETAT &hellip; Continua llegint \u00abServei UNDETEC Seguretat\u00bb","og_url":"https:\/\/www.undetec.com\/blog\/servei-undetec-seguretat\/","og_site_name":"UNDETEC","article_publisher":"https:\/\/www.facebook.com\/pages\/UNDETEC\/120913354659573","article_modified_time":"2022-10-02T22:14:36+00:00","twitter_card":"summary_large_image","twitter_misc":{"Temps estimat de lectura":"1 minut"},"schema":{"@context":"https:\/\/schema.org","@graph":[{"@type":"WebPage","@id":"https:\/\/www.undetec.com\/blog\/servei-undetec-seguretat\/","url":"https:\/\/www.undetec.com\/blog\/servei-undetec-seguretat\/","name":"Servei UNDETEC Seguretat","isPartOf":{"@id":"https:\/\/www.undetec.com\/blog\/#website"},"datePublished":"2015-02-23T14:29:47+00:00","dateModified":"2022-10-02T22:14:36+00:00","breadcrumb":{"@id":"https:\/\/www.undetec.com\/blog\/servei-undetec-seguretat\/#breadcrumb"},"inLanguage":"ca","potentialAction":[{"@type":"ReadAction","target":["https:\/\/www.undetec.com\/blog\/servei-undetec-seguretat\/"]}]},{"@type":"BreadcrumbList","@id":"https:\/\/www.undetec.com\/blog\/servei-undetec-seguretat\/#breadcrumb","itemListElement":[{"@type":"ListItem","position":1,"name":"Inici","item":"https:\/\/www.undetec.com\/blog\/"},{"@type":"ListItem","position":2,"name":"Servei UNDETEC Seguretat"}]},{"@type":"WebSite","@id":"https:\/\/www.undetec.com\/blog\/#website","url":"https:\/\/www.undetec.com\/blog\/","name":"UNDETEC","description":"UNI\u00d3 DE TECNOLOGIES","publisher":{"@id":"https:\/\/www.undetec.com\/blog\/#organization"},"potentialAction":[{"@type":"SearchAction","target":{"@type":"EntryPoint","urlTemplate":"https:\/\/www.undetec.com\/blog\/?s={search_term_string}"},"query-input":{"@type":"PropertyValueSpecification","valueRequired":true,"valueName":"search_term_string"}}],"inLanguage":"ca"},{"@type":"Organization","@id":"https:\/\/www.undetec.com\/blog\/#organization","name":"UNDETEC","url":"https:\/\/www.undetec.com\/blog\/","logo":{"@type":"ImageObject","inLanguage":"ca","@id":"https:\/\/www.undetec.com\/blog\/#\/schema\/logo\/image\/","url":"https:\/\/www.undetec.com\/blog\/wp-content\/uploads\/2016\/11\/undetec_logo.gif","contentUrl":"https:\/\/www.undetec.com\/blog\/wp-content\/uploads\/2016\/11\/undetec_logo.gif","width":154,"height":45,"caption":"UNDETEC"},"image":{"@id":"https:\/\/www.undetec.com\/blog\/#\/schema\/logo\/image\/"},"sameAs":["https:\/\/www.facebook.com\/pages\/UNDETEC\/120913354659573"]}]}},"_links":{"self":[{"href":"https:\/\/www.undetec.com\/blog\/wp-json\/wp\/v2\/pages\/564","targetHints":{"allow":["GET"]}}],"collection":[{"href":"https:\/\/www.undetec.com\/blog\/wp-json\/wp\/v2\/pages"}],"about":[{"href":"https:\/\/www.undetec.com\/blog\/wp-json\/wp\/v2\/types\/page"}],"author":[{"embeddable":true,"href":"https:\/\/www.undetec.com\/blog\/wp-json\/wp\/v2\/users\/2"}],"replies":[{"embeddable":true,"href":"https:\/\/www.undetec.com\/blog\/wp-json\/wp\/v2\/comments?post=564"}],"version-history":[{"count":5,"href":"https:\/\/www.undetec.com\/blog\/wp-json\/wp\/v2\/pages\/564\/revisions"}],"predecessor-version":[{"id":2110,"href":"https:\/\/www.undetec.com\/blog\/wp-json\/wp\/v2\/pages\/564\/revisions\/2110"}],"wp:attachment":[{"href":"https:\/\/www.undetec.com\/blog\/wp-json\/wp\/v2\/media?parent=564"}],"curies":[{"name":"wp","href":"https:\/\/api.w.org\/{rel}","templated":true}]}}