{"id":588,"date":"2015-02-26T10:13:23","date_gmt":"2015-02-26T09:13:23","guid":{"rendered":"http:\/\/undetec.com\/blog\/?page_id=588"},"modified":"2018-11-30T14:35:04","modified_gmt":"2018-11-30T13:35:04","slug":"producte-undetec-control-negoci","status":"publish","type":"page","link":"https:\/\/www.undetec.com\/blog\/producte-undetec-control-negoci\/","title":{"rendered":"Producte UNDETEC Control Negoci"},"content":{"rendered":"\n<p>Controli el seu negoci amb la instal\u00b7laci\u00f3 del producte UNDETEC CONTROL NEGOCI.<\/p>\n\n\n\n<p>Amb UNDETEC les noves tecnologies arriben a un m\u00e0xim de sofisticaci\u00f3. Viatgi tranquil i emporti&#8217;s el negoci perqu\u00e8 ara podem:<\/p>\n\n\n\n<ul class=\"wp-block-list\"><li>Visualitzar el negoci en directe.<\/li><li>Visualitzar el negoci en diferit al dia, hora, segon i d\u00e8cima.<\/li><li>Treballar en qualsevol aplicaci\u00f3 inform\u00e0tica instal\u00b7lada, pressupostots, facturaci\u00f3, comptabilitat&#8230;<\/li><li>Controlar temperatures, humitats, pressi\u00f3<\/li><li><a href=\"\/blog\/servei-undetec-automatismes\/\">Automat\u00edsmes<\/a>.<\/li><li>Estad\u00edstiques.<\/li><li>Alarmes.<\/li><li>Diaris de treball.<\/li><li>Tot des d&#8217;internet.<\/li><li>Tot tamb\u00e9 des del m\u00f2bil.<\/li><\/ul>\n\n\n\n<h3 class=\"wp-block-heading\">Q\u00dcESTIONS QUE TENEN RESPOSTA:<\/h3>\n\n\n\n<ul class=\"wp-block-list\"><li>Vull que m&#8217;avisi amb una trucada i un SMS quan hi ha una pujada o baixada de temperatura , quan s&#8217;ha disparat un sensor d&#8217;alarma. Cada dia vull rebre un informe amb SMS del diari de treball, del magatzem, stocs, compres, vendes&#8230;<\/li><li>Qu\u00e8 va passar ahir a les 12:00 hores a la nau &#8220;A&#8221;?<\/li><li>Es va fer la c\u00e0rrega i sortida de material?<\/li><li>Puc controlar-ho tot estant de viatge?<\/li><\/ul>\n\n\n\n<p>No patiu m\u00e9s pel bon funcionament de l&#8217;empresa, ho podem veure tot en qualsevol moment. NO cal fer tants viatges. Podem estar tranquils fent una altra feina o gaudint m\u00e9s del temps lliure.<\/p>\n\n\n\n<p><a rel=\"noopener\" href=\"\/pdf\/product_empresa_ca.pdf\" target=\"_blank\">Descarrega PDF<\/a><\/p>\n\n\n\n<p><\/p>\n","protected":false},"excerpt":{"rendered":"<p>Controli el seu negoci amb la instal\u00b7laci\u00f3 del producte UNDETEC CONTROL NEGOCI. Amb UNDETEC les noves tecnologies arriben a un m\u00e0xim de sofisticaci\u00f3. Viatgi tranquil i emporti&#8217;s el negoci perqu\u00e8 ara podem: Visualitzar el negoci en directe. Visualitzar el negoci en diferit al dia, hora, segon i d\u00e8cima. Treballar en qualsevol aplicaci\u00f3 inform\u00e0tica instal\u00b7lada, pressupostots, &hellip; <a href=\"https:\/\/www.undetec.com\/blog\/producte-undetec-control-negoci\/\" class=\"more-link\">Continua llegint <span class=\"screen-reader-text\">\u00abProducte UNDETEC Control Negoci\u00bb<\/span><\/a><\/p>\n","protected":false},"author":2,"featured_media":0,"parent":0,"menu_order":0,"comment_status":"closed","ping_status":"closed","template":"","meta":{"footnotes":""},"class_list":["post-588","page","type-page","status-publish","hentry"],"yoast_head":"<!-- This site is optimized with the Yoast SEO plugin v27.5 - https:\/\/yoast.com\/product\/yoast-seo-wordpress\/ -->\n<title>Producte UNDETEC Control Negoci<\/title>\n<meta name=\"robots\" content=\"index, follow, max-snippet:-1, max-image-preview:large, max-video-preview:-1\" \/>\n<link rel=\"canonical\" href=\"https:\/\/www.undetec.com\/blog\/producte-undetec-control-negoci\/\" \/>\n<meta property=\"og:locale\" content=\"ca_ES\" \/>\n<meta property=\"og:type\" content=\"article\" \/>\n<meta property=\"og:title\" content=\"Producte UNDETEC Control Negoci\" \/>\n<meta property=\"og:description\" content=\"Controli el seu negoci amb la instal\u00b7laci\u00f3 del producte UNDETEC CONTROL NEGOCI. Amb UNDETEC les noves tecnologies arriben a un m\u00e0xim de sofisticaci\u00f3. Viatgi tranquil i emporti&#8217;s el negoci perqu\u00e8 ara podem: Visualitzar el negoci en directe. Visualitzar el negoci en diferit al dia, hora, segon i d\u00e8cima. Treballar en qualsevol aplicaci\u00f3 inform\u00e0tica instal\u00b7lada, pressupostots, &hellip; Continua llegint \u00abProducte UNDETEC Control Negoci\u00bb\" \/>\n<meta property=\"og:url\" content=\"https:\/\/www.undetec.com\/blog\/producte-undetec-control-negoci\/\" \/>\n<meta property=\"og:site_name\" content=\"UNDETEC\" \/>\n<meta property=\"article:publisher\" content=\"https:\/\/www.facebook.com\/pages\/UNDETEC\/120913354659573\" \/>\n<meta property=\"article:modified_time\" content=\"2018-11-30T13:35:04+00:00\" \/>\n<meta name=\"twitter:card\" content=\"summary_large_image\" \/>\n<meta name=\"twitter:label1\" content=\"Temps estimat de lectura\" \/>\n\t<meta name=\"twitter:data1\" content=\"1 minut\" \/>\n<script type=\"application\/ld+json\" class=\"yoast-schema-graph\">{\"@context\":\"https:\\\/\\\/schema.org\",\"@graph\":[{\"@type\":\"WebPage\",\"@id\":\"https:\\\/\\\/www.undetec.com\\\/blog\\\/producte-undetec-control-negoci\\\/\",\"url\":\"https:\\\/\\\/www.undetec.com\\\/blog\\\/producte-undetec-control-negoci\\\/\",\"name\":\"Producte UNDETEC Control Negoci\",\"isPartOf\":{\"@id\":\"https:\\\/\\\/www.undetec.com\\\/blog\\\/#website\"},\"datePublished\":\"2015-02-26T09:13:23+00:00\",\"dateModified\":\"2018-11-30T13:35:04+00:00\",\"breadcrumb\":{\"@id\":\"https:\\\/\\\/www.undetec.com\\\/blog\\\/producte-undetec-control-negoci\\\/#breadcrumb\"},\"inLanguage\":\"ca\",\"potentialAction\":[{\"@type\":\"ReadAction\",\"target\":[\"https:\\\/\\\/www.undetec.com\\\/blog\\\/producte-undetec-control-negoci\\\/\"]}]},{\"@type\":\"BreadcrumbList\",\"@id\":\"https:\\\/\\\/www.undetec.com\\\/blog\\\/producte-undetec-control-negoci\\\/#breadcrumb\",\"itemListElement\":[{\"@type\":\"ListItem\",\"position\":1,\"name\":\"Inici\",\"item\":\"https:\\\/\\\/www.undetec.com\\\/blog\\\/\"},{\"@type\":\"ListItem\",\"position\":2,\"name\":\"Producte UNDETEC Control Negoci\"}]},{\"@type\":\"WebSite\",\"@id\":\"https:\\\/\\\/www.undetec.com\\\/blog\\\/#website\",\"url\":\"https:\\\/\\\/www.undetec.com\\\/blog\\\/\",\"name\":\"UNDETEC\",\"description\":\"UNI\u00d3 DE TECNOLOGIES\",\"publisher\":{\"@id\":\"https:\\\/\\\/www.undetec.com\\\/blog\\\/#organization\"},\"potentialAction\":[{\"@type\":\"SearchAction\",\"target\":{\"@type\":\"EntryPoint\",\"urlTemplate\":\"https:\\\/\\\/www.undetec.com\\\/blog\\\/?s={search_term_string}\"},\"query-input\":{\"@type\":\"PropertyValueSpecification\",\"valueRequired\":true,\"valueName\":\"search_term_string\"}}],\"inLanguage\":\"ca\"},{\"@type\":\"Organization\",\"@id\":\"https:\\\/\\\/www.undetec.com\\\/blog\\\/#organization\",\"name\":\"UNDETEC\",\"url\":\"https:\\\/\\\/www.undetec.com\\\/blog\\\/\",\"logo\":{\"@type\":\"ImageObject\",\"inLanguage\":\"ca\",\"@id\":\"https:\\\/\\\/www.undetec.com\\\/blog\\\/#\\\/schema\\\/logo\\\/image\\\/\",\"url\":\"https:\\\/\\\/www.undetec.com\\\/blog\\\/wp-content\\\/uploads\\\/2016\\\/11\\\/undetec_logo.gif\",\"contentUrl\":\"https:\\\/\\\/www.undetec.com\\\/blog\\\/wp-content\\\/uploads\\\/2016\\\/11\\\/undetec_logo.gif\",\"width\":154,\"height\":45,\"caption\":\"UNDETEC\"},\"image\":{\"@id\":\"https:\\\/\\\/www.undetec.com\\\/blog\\\/#\\\/schema\\\/logo\\\/image\\\/\"},\"sameAs\":[\"https:\\\/\\\/www.facebook.com\\\/pages\\\/UNDETEC\\\/120913354659573\"]}]}<\/script>\n<!-- \/ Yoast SEO plugin. -->","yoast_head_json":{"title":"Producte UNDETEC Control Negoci","robots":{"index":"index","follow":"follow","max-snippet":"max-snippet:-1","max-image-preview":"max-image-preview:large","max-video-preview":"max-video-preview:-1"},"canonical":"https:\/\/www.undetec.com\/blog\/producte-undetec-control-negoci\/","og_locale":"ca_ES","og_type":"article","og_title":"Producte UNDETEC Control Negoci","og_description":"Controli el seu negoci amb la instal\u00b7laci\u00f3 del producte UNDETEC CONTROL NEGOCI. Amb UNDETEC les noves tecnologies arriben a un m\u00e0xim de sofisticaci\u00f3. Viatgi tranquil i emporti&#8217;s el negoci perqu\u00e8 ara podem: Visualitzar el negoci en directe. Visualitzar el negoci en diferit al dia, hora, segon i d\u00e8cima. Treballar en qualsevol aplicaci\u00f3 inform\u00e0tica instal\u00b7lada, pressupostots, &hellip; Continua llegint \u00abProducte UNDETEC Control Negoci\u00bb","og_url":"https:\/\/www.undetec.com\/blog\/producte-undetec-control-negoci\/","og_site_name":"UNDETEC","article_publisher":"https:\/\/www.facebook.com\/pages\/UNDETEC\/120913354659573","article_modified_time":"2018-11-30T13:35:04+00:00","twitter_card":"summary_large_image","twitter_misc":{"Temps estimat de lectura":"1 minut"},"schema":{"@context":"https:\/\/schema.org","@graph":[{"@type":"WebPage","@id":"https:\/\/www.undetec.com\/blog\/producte-undetec-control-negoci\/","url":"https:\/\/www.undetec.com\/blog\/producte-undetec-control-negoci\/","name":"Producte UNDETEC Control Negoci","isPartOf":{"@id":"https:\/\/www.undetec.com\/blog\/#website"},"datePublished":"2015-02-26T09:13:23+00:00","dateModified":"2018-11-30T13:35:04+00:00","breadcrumb":{"@id":"https:\/\/www.undetec.com\/blog\/producte-undetec-control-negoci\/#breadcrumb"},"inLanguage":"ca","potentialAction":[{"@type":"ReadAction","target":["https:\/\/www.undetec.com\/blog\/producte-undetec-control-negoci\/"]}]},{"@type":"BreadcrumbList","@id":"https:\/\/www.undetec.com\/blog\/producte-undetec-control-negoci\/#breadcrumb","itemListElement":[{"@type":"ListItem","position":1,"name":"Inici","item":"https:\/\/www.undetec.com\/blog\/"},{"@type":"ListItem","position":2,"name":"Producte UNDETEC Control Negoci"}]},{"@type":"WebSite","@id":"https:\/\/www.undetec.com\/blog\/#website","url":"https:\/\/www.undetec.com\/blog\/","name":"UNDETEC","description":"UNI\u00d3 DE TECNOLOGIES","publisher":{"@id":"https:\/\/www.undetec.com\/blog\/#organization"},"potentialAction":[{"@type":"SearchAction","target":{"@type":"EntryPoint","urlTemplate":"https:\/\/www.undetec.com\/blog\/?s={search_term_string}"},"query-input":{"@type":"PropertyValueSpecification","valueRequired":true,"valueName":"search_term_string"}}],"inLanguage":"ca"},{"@type":"Organization","@id":"https:\/\/www.undetec.com\/blog\/#organization","name":"UNDETEC","url":"https:\/\/www.undetec.com\/blog\/","logo":{"@type":"ImageObject","inLanguage":"ca","@id":"https:\/\/www.undetec.com\/blog\/#\/schema\/logo\/image\/","url":"https:\/\/www.undetec.com\/blog\/wp-content\/uploads\/2016\/11\/undetec_logo.gif","contentUrl":"https:\/\/www.undetec.com\/blog\/wp-content\/uploads\/2016\/11\/undetec_logo.gif","width":154,"height":45,"caption":"UNDETEC"},"image":{"@id":"https:\/\/www.undetec.com\/blog\/#\/schema\/logo\/image\/"},"sameAs":["https:\/\/www.facebook.com\/pages\/UNDETEC\/120913354659573"]}]}},"_links":{"self":[{"href":"https:\/\/www.undetec.com\/blog\/wp-json\/wp\/v2\/pages\/588","targetHints":{"allow":["GET"]}}],"collection":[{"href":"https:\/\/www.undetec.com\/blog\/wp-json\/wp\/v2\/pages"}],"about":[{"href":"https:\/\/www.undetec.com\/blog\/wp-json\/wp\/v2\/types\/page"}],"author":[{"embeddable":true,"href":"https:\/\/www.undetec.com\/blog\/wp-json\/wp\/v2\/users\/2"}],"replies":[{"embeddable":true,"href":"https:\/\/www.undetec.com\/blog\/wp-json\/wp\/v2\/comments?post=588"}],"version-history":[{"count":5,"href":"https:\/\/www.undetec.com\/blog\/wp-json\/wp\/v2\/pages\/588\/revisions"}],"predecessor-version":[{"id":1612,"href":"https:\/\/www.undetec.com\/blog\/wp-json\/wp\/v2\/pages\/588\/revisions\/1612"}],"wp:attachment":[{"href":"https:\/\/www.undetec.com\/blog\/wp-json\/wp\/v2\/media?parent=588"}],"curies":[{"name":"wp","href":"https:\/\/api.w.org\/{rel}","templated":true}]}}